 - -6. Calculate the remainder when 68 is divided by p.
2
Let n = -49 - -53. What is the remainder when (9/((-54)/n))/((-2)/93) is divided by 8?
7
Let g be (1 - 18/14)*-7. Suppose -5*t + t = -20. Suppose m - t*d - 18 = -2*d, 44 = 4*m + g*d. What is the remainder when 45 is divided by m?
9
Let v(j) = 2*j + 7. Let m be v(-16). What is the remainder when 59 is divided by (4/(-5))/(2/m)?
9
Let d(h) = h + 7. Let w be d(-5). Let y be 1/(w/(-40)) - 2. Let o = 38 + y. Calculate the remainder when o is divided by 6.
4
Let s = -601 + 608. Calculate the remainder when 80 is divided by s.
3
Let c be ((-6)/(-8))/((-2)/16). Let h = 132 + -68. What is the remainder when h is divided by (c/(-3) + -1)*22?
20
Suppose 9*t - 4*t = 70. Let o(z) = z - 2. Calculate the remainder when t/(3*2/6) is divided by o(10).
6
Suppose -7*x + 10 = -18. Let y(m) = -m + 2*m**2 - 2 - 6*m + 9. Calculate the remainder when y(x) is divided by 7.
4
Let k = 2833 + -2752. What is the remainder when k is divided by 28?
25
Suppose -5*d + 35 = -0*d. Suppose -6*w + d*w = 8. Let p = w - 4. Calculate the remainder when 15 is divided by p.
3
Suppose 2*h = 7*h + 295. Let u = h + 64. What is the remainder when 20 is divided by u?
0
Let u = -548 - -570. Let x be -5*2*1/5. Let y(h) = -2*h**3 - 2*h**2 - 2*h. What is the remainder when u is divided by y(x)?
10
Let f(v) = v**3 - 16*v**2 + 33*v - 263. What is the remainder when 17*4 - (-2)/(-2) is divided by f(15)?
4
Suppose -15 = 3*w - 6*w, 0 = 5*h - w - 185. Let b = -42 - -62. Calculate the remainder when h is divided by b.
18
Let d = 10 - 17. Let f = d - -43. What is the remainder when 105 is divided by f?
33
Suppose -f = -6*f + 35. Suppose -2*u - 3*u = 55. Let i = 2 - u. Calculate the remainder when i is divided by f.
6
What is the remainder when 302 is divided by (1 - 0)*((-30)/5 + 101)?
17
Let n = 350 + -337. What is the remainder when 155 is divided by n?
12
Suppose 4*l - 2*l - 98 = 0. What is the remainder when l is divided by 31?
18
Let h(o) = o**3 - o + 62. Let i be h(0). Suppose 13 = -7*b + i. Calculate the remainder when 9 is divided by b.
2
Suppose y + 2 = -2*r - 2, 4*r = 2*y - 16. Suppose -4*s + 3*s = -2*o - 11, y*s - 2*o = 24. Let j = -3052 - -3056. Calculate the remainder when s is divided by j.
1
Let m(i) = 3*i - 5*i + 0*i - 3 + 13*i. What is the remainder when 36 is divided by m(2)?
17
Suppose -10*o + 1782 = 8*o. Calculate the remainder when o is divided by 26.
21
Let z = -923 + 932. What is the remainder when z is divided by 2?
1
Let b = 35 - 35. Suppose t - 2 = a, 4*a - 5*t + 4*t - 4 = b. What is the remainder when 8/6*(-9)/(-2) is divided by a?
0
Suppose -45 = u - 6*u. Suppose 0 = -2*b + 7*b + 165. Let s = b + 37. What is the remainder when u is divided by s?
1
Suppose 4*u - 5*t - 234 = 31, 0 = 5*u + 3*t - 322. What is the remainder when u is divided by 17?
14
Suppose -5*g + 16 = -3*f, -2*g + 14 = 4*f - 8. Suppose 2*s + q = 32, 2*s = -3*s + f*q + 58. Let n = 18 - -8. Calculate the remainder when n is divided by s.
12
Suppose 3*v + 2*f = 7*f + 177, -3*f = 3*v - 153. What is the remainder when v is divided by 2/8 - (-126)/8?
6
Suppose 4300 = 62*k - 12*k. Calculate the remainder when k is divided by (-20)/(-1)*9/6.
26
Suppose 0 = -2*n + w + 237, 5*n + 3*w + 280 = 878. What is the remainder when n is divided by 37?
8
Let x = -34 + 94. Suppose -2*u - x = -6*u. Let i(y) = -y**3 + 27*y**2 - 28*y + 58. What is the remainder when u is divided by i(26)?
3
Calculate the remainder when 153 is divided by 155/6 - 10/(-60).
23
Let g = -102 - -189. Calculate the remainder when g is divided by 18.
15
Suppose 0*t + 3*t = 612. Suppose 10*g = -5*y - 2*g + 46, -5*y = 2*g - 116. Calculate the remainder when t is divided by y.
22
Suppose 0 = -3*y + 2*g + 12, 5*g = -2*y + 2 + 6. Suppose -4*h + y*z + 192 = 0, 98 = 5*h + 5*z - 132. What is the remainder when 91 is divided by h?
44
Let y = -23 - -32. What is the remainder when 71 is divided by y?
8
Let o = 7 - 4. Suppose -o*a + 430 = 7*a. What is the remainder when a is divided by 23?
20
What is the remainder when 24/(-4)*(-15)/10 is divided by 2?
1
What is the remainder when 129 is divided by -5 + (82*(-6)/(-12))/1?
21
Suppose -7*b = -3*b - 44. Suppose 4*v = 4*g + 436, 1 = 3*g - 2*g. Suppose 0 = -5*y + 105 + v. Calculate the remainder when y is divided by b.
10
Suppose -3*m = -2*q - 36 - 5, 4*q - 35 = -3*m. What is the remainder when m is divided by 8?
5
Let q(h) = 3*h**2. Let b(k) = k**2 + 31*k + 192. Calculate the remainder when q(-3) is divided by b(-23).
3
Let p(q) = -q**3 + 6*q**2 + 7*q - 3. Let t be p(5). Suppose -o - f = 2*f - t, -6 = 3*f. Calculate the remainder when o is divided by 22.
19
Suppose -25 - 35 = -4*c. What is the remainder when (-4)/(-22) - ((-2536)/88 - -5) is divided by c?
9
Let b(i) = -12*i**3 - i**2 + i + 1. Suppose 0 = a + 1. Let r be b(a). Suppose r - 1 = q. Calculate the remainder when 18 is divided by q.
8
Let c be 22/((7 - 3)/(-4)). Let g = c - -64. What is the remainder when g is divided by 11?
9
Suppose -1524*w + 105 = -1521*w. Calculate the remainder when 347 is divided by w.
32
Let x(n) = 8*n - 2. Let p be x(1). Suppose -p*h + 3*h = 36. Calculate the remainder when (-6)/h - 42/(-4) is divided by 3.
2
Let a(j) = j**3 - 5*j**2 - 20*j + 88. What is the remainder when 103 is divided by a(6)?
3
Let v = -29 + 76. Suppose 0*w - 1 = w. Calculate the remainder when v is divided by w*8*-2 + 0.
15
Suppose -3*p = -2*p - 149. Let f = p - 139. Calculate the remainder when 39 is divided by f.
9
Suppose 3*b - 32 = -b. Suppose -25*f + g - 48 = -27*f, 5*g = 3*f - 46. What is the remainder when f is divided by b?
6
Suppose 0 = 60*v - 67*v + 224. What is the remainder when v is divided by 6?
2
Suppose -5*b = -5*a - 740, 3*a + 4*b = a - 314. Let y = -96 - a. What is the remainder when y is divided by 14?
13
Let w(l) = l**2 + l. Let t be w(-1). Suppose s = 20 - t. What is the remainder when 55 is divided by s?
15
What is the remainder when (-372)/(-14)*1 + (-255)/(-595) is divided by 6?
3
Let o(b) = b**3 + 10*b**2 + 10*b + 4. Suppose -6*r = -3*r - 6. Suppose -43 = -r*s + 13. Calculate the remainder when o(-7) is divided by s.
25
Suppose 0*s + 41 = 2*t + 5*s, 4*t = 2*s + 70. Calculate the remainder when 77 is divided by t.
5
Suppose -16*d - 9 = -c - 19*d, -5*d = 3*c - 35. Let p(v) = -2*v + 29. What is the remainder when p(0) is divided by c?
14
Let m be -7 - -2 - (4 + -1). Let w = m + 9. Calculate the remainder when 1 is divided by w.
0
What is the remainder when (-30)/9*(-741)/65 is divided by 4?
2
What is the remainder when 131 is divided by -7 + 11 - (-240)/16?
17
Let r = -233 - -238. What is the remainder when 87 is divided by r?
2
Let a = 391 - 387. Calculate the remainder when 649 is divided by a.
1
Suppose -301 = 2*h - 9*h. Let f be 2*(-2)/4*0. Suppose 4*k + 0*k - 44 = f. Calculate the remainder when h is divided by k.
10
Let p = -2344 + 2436. Let b = -62 - -110. What is the remainder when p is divided by b?
44
Suppose -475 = -9*j + 119. Let y be (-6)/5*(-30)/12. Suppose y*a - 92 = -a. What is the remainder when j is divided by a?
20
Let j(p) = -6*p**3 - 2*p**2 + 1. Let g be j(-1). Suppose 5*s = -g*n + 130, 0 = 2*s + 2*s + 12. Calculate the remainder when 38 is divided by n.
9
Let a(i) = i**3 + 16*i**2 - 4*i - 49. What is the remainder when 46 is divided by a(-16)?
1
Let c = -121 - -121. What is the remainder when (c + 1)/((-8)/(-632)) is divided by (-2)/((-2)/(-40)*-2)?
19
Let u = -497 + 511. Let v(n) = -n + 4. Let x be 3/12 + (-2)/8. What is the remainder when u is divided by v(x)?
2
Let f(v) = -3*v**3 - 3*v**2 + 25*v + 68. Calculate the remainder when f(-5) is divided by 41.
38
Suppose -24*u = -12*u - 48. What is the remainder when 160*2*2/u is divided by 27?
25
Let p = 1541 - 157. What is the remainder when p is divided by 33?
31
Let r(m) = -8*m + 12 + 6*m + 2. Let t be r(6). Suppose 3*v - 205 = -t*v. What is the remainder when v is divided by 22?
19
What is the remainder when (-152)/(-3) + (-368)/(-276) is divided by 43?
9
Suppose z = -315 + 10. Let w = -205 - z. Calculate the remainder when w is divided by 35.
30
Let f(s) = 34*s**2 - 2*s + 1. Let h be ((-4)/(-12))/(1 + (-4)/6). What is the remainder when f(h) is divided by 17?
16
Suppose d - 5*c = 18, -3*d + 3*c = -8 + 2. Let a